{"id":4889,"date":"2026-01-29T17:03:08","date_gmt":"2026-01-29T16:03:08","guid":{"rendered":"https:\/\/mostanantes.com\/?page_id=4889"},"modified":"2026-03-27T15:58:31","modified_gmt":"2026-03-27T14:58:31","slug":"tours","status":"publish","type":"page","link":"https:\/\/mostanantes.com\/index.php\/tours\/","title":{"rendered":"ON TOUR"},"content":{"rendered":"\n<h6 class=\"wp-block-heading has-geist-font-family\">NAKED SOFT MEN \/ 17.04 &#8211; 30.04 \/ [FR]<\/h6>\n\n\n\n<ul class=\"wp-block-list\">\n<li class=\"has-geist-font-family has-small-font-size\">21.04 &#8211; Vannes, Le Barailleur<\/li>\n\n\n\n<li class=\"has-geist-font-family has-small-font-size\">22.04 &#8211; Nantes, Blockhaus DY10 <\/li>\n\n\n\n<li class=\"has-geist-font-family has-small-font-size\">24.04 &#8211; Capbreton, Le Circus<\/li>\n\n\n\n<li class=\"has-geist-font-family has-small-font-size\">27.04 &#8211; Brest, La Cr\u00e8che w\/ TACLE<\/li>\n<\/ul>\n\n\n\n<h6 class=\"wp-block-heading has-geist-font-family\">PARACHUTE \/ 07.05 &#8211; 23.05 \/ [UK\/FR]<\/h6>\n\n\n\n<ul class=\"wp-block-list\">\n<li class=\"has-geist-font-family has-small-font-size\">07.05 &#8211; London, The George Tavern<\/li>\n\n\n\n<li class=\"has-geist-font-family has-small-font-size\">08.05 &#8211; TBA<\/li>\n\n\n\n<li class=\"has-geist-font-family has-small-font-size\">09.05 &#8211; TBA<\/li>\n\n\n\n<li class=\"has-geist-font-family has-small-font-size\">10.05 &#8211; Hull, The New Adelphi Club<\/li>\n\n\n\n<li class=\"has-geist-font-family has-small-font-size\">11.05 &#8211; Reading, Purple Turtle Club<\/li>\n\n\n\n<li class=\"has-geist-font-family has-small-font-size\">12.05 &#8211; Newcastle, Little Buildings<\/li>\n\n\n\n<li class=\"has-geist-font-family has-small-font-size\">13.05 &#8211; Glasgow, Bloc+<\/li>\n\n\n\n<li class=\"has-geist-font-family has-small-font-size\">14.05 &#8211; Nottingham, Mist Rolling<\/li>\n\n\n\n<li class=\"has-geist-font-family has-small-font-size\">15.05 &#8211; Manchester, TBA<\/li>\n\n\n\n<li class=\"has-geist-font-family has-small-font-size\">22.05 &#8211; Vannes, Le Barailleur<\/li>\n\n\n\n<li class=\"has-geist-font-family has-small-font-size\">23.05 &#8211; TBA<\/li>\n\n\n\n<li class=\"has-geist-font-family has-small-font-size\">24.05 &#8211; Paris, Point \u00c9ph\u00e9m\u00e8re <\/li>\n<\/ul>\n\n\n\n<h6 class=\"wp-block-heading has-geist-font-family\"><strong>THE BAD PLUG \/ 02.06 &#8211; 07.06 \/ [FR]<\/strong><\/h6>\n\n\n\n<ul class=\"wp-block-list\">\n<li class=\"has-geist-font-family has-small-font-size\">02.06 &#8211; TBA<\/li>\n\n\n\n<li class=\"has-geist-font-family has-small-font-size\">03.06 &#8211; Toulouse, Le Ravelin<\/li>\n\n\n\n<li class=\"has-geist-font-family has-small-font-size\">04.06 &#8211; Santander &#8211; Rock Beer The New<\/li>\n\n\n\n<li class=\"has-geist-font-family has-small-font-size\">05.06 &#8211; TBA<\/li>\n\n\n\n<li class=\"has-geist-font-family has-small-font-size\">06 .06 &#8211; Cornillon, Fuzztival<\/li>\n\n\n\n<li class=\"has-geist-font-family has-small-font-size\">07.06 &#8211; Marseille &#8211; TBA<\/li>\n<\/ul>\n\n\n\n<h6 class=\"wp-block-heading has-geist-font-family\">BUTTERFLY BULLDOZER \/ 29.05 &#8211; 22.06 \/ [FR\/EU]<\/h6>\n\n\n\n<ul class=\"wp-block-list\">\n<li class=\"has-geist-font-family has-small-font-size\">29.05 &#8211; Nantes, CafK<\/li>\n\n\n\n<li class=\"has-geist-font-family has-small-font-size\">30.05 &#8211; Cesson-S\u00e9vign\u00e9, Grande Frini\u00e8re Fest<\/li>\n\n\n\n<li class=\"has-geist-font-family has-small-font-size\">01.06 &#8211; Saint-Brieuc, Le Cessonnais <\/li>\n\n\n\n<li class=\"has-geist-font-family has-small-font-size\">02.06 &#8211; Vannes, Le Barailleur<\/li>\n\n\n\n<li class=\"has-geist-font-family has-small-font-size\">05.06 &#8211; Paris, Supersonic<\/li>\n\n\n\n<li class=\"has-geist-font-family has-small-font-size\">06.06 &#8211; Bain de Bretagne, Festival de la Grande Basse Court<\/li>\n\n\n\n<li class=\"has-geist-font-family has-small-font-size\">09.06 &#8211; Lille, High Voltage<\/li>\n\n\n\n<li class=\"has-geist-font-family has-small-font-size\">13.06 &#8211; Marseille, Leda Atomica<\/li>\n\n\n\n<li class=\"has-geist-font-family has-small-font-size\">17.06 &#8211; Toulouse, Le Ravelin<\/li>\n\n\n\n<li class=\"has-geist-font-family has-small-font-size\">19.06 &#8211; Bordeaux, La Cave du Mirail<\/li>\n\n\n\n<li class=\"has-geist-font-family has-small-font-size\">21.06 &#8211; Angers, Pilori Fest<\/li>\n\n\n\n<li class=\"has-geist-font-family has-small-font-size\">27.06 &#8211; Nantes, Stereolux<\/li>\n\n\n\n<li class=\"has-geist-font-family has-small-font-size\">17.07 &#8211; Paris, Point Eph\u00e9m\u00e8re<\/li>\n<\/ul>\n\n\n\n<h6 class=\"wp-block-heading has-geist-font-family\">BEER \/ 12.08 &#8211; 13.09 \/ [UK\/EU]<\/h6>\n\n\n\n<ul class=\"wp-block-list\">\n<li class=\"has-geist-font-family has-small-font-size\">12.08 &#8211; Nantes, TBA<\/li>\n\n\n\n<li class=\"has-geist-font-family has-small-font-size\">13.08 &#8211; TBA<\/li>\n\n\n\n<li class=\"has-geist-font-family has-small-font-size\">14.08 &#8211; TBA<\/li>\n\n\n\n<li class=\"has-geist-font-family has-small-font-size\">15.08 &#8211; Toulouse, Le Ravelin<\/li>\n\n\n\n<li class=\"has-geist-font-family has-small-font-size\">16.08 &#8211; Barcelona, La Cinetika<\/li>\n\n\n\n<li class=\"has-geist-font-family has-small-font-size\">17.08 &#8211; Marseille, TBA<\/li>\n\n\n\n<li class=\"has-geist-font-family has-small-font-size\">18.08 &#8211; Cornillon, Fuzz<\/li>\n\n\n\n<li class=\"has-geist-font-family has-small-font-size\">19.08 &#8211; Berne, TBA<\/li>\n\n\n\n<li class=\"has-geist-font-family has-small-font-size\">20.08 &#8211; TBA<\/li>\n\n\n\n<li class=\"has-geist-font-family has-small-font-size\">21.08 &#8211; TBA<\/li>\n\n\n\n<li class=\"has-geist-font-family has-small-font-size\">22.08 &#8211; TBA<\/li>\n\n\n\n<li class=\"has-geist-font-family has-small-font-size\">23.08 &#8211; TBA<\/li>\n\n\n\n<li class=\"has-geist-font-family has-small-font-size\">24.08 &#8211; TBA<\/li>\n\n\n\n<li class=\"has-geist-font-family has-small-font-size\">25.08 &#8211; Vienna, Venster99<\/li>\n\n\n\n<li class=\"has-geist-font-family has-small-font-size\">26.08 &#8211; Praha, Klubovna<\/li>\n\n\n\n<li class=\"has-geist-font-family has-small-font-size\">27.08 &#8211; Dresden, TBA<\/li>\n\n\n\n<li class=\"has-geist-font-family has-small-font-size\">28.08 &#8211; Berlin &#8211; TBA<\/li>\n\n\n\n<li class=\"has-geist-font-family has-small-font-size\">29.08 &#8211; Hamburg, Get Lost Fest<\/li>\n\n\n\n<li class=\"has-geist-font-family has-small-font-size\">30.08 &#8211; Szczecin &#8211; TBA<\/li>\n\n\n\n<li class=\"has-geist-font-family has-small-font-size\">01.09 &#8211; TBA<\/li>\n\n\n\n<li class=\"has-geist-font-family has-small-font-size\">02.09 &#8211; TBA<\/li>\n\n\n\n<li class=\"has-geist-font-family has-small-font-size\">03.09 &#8211; London, The Schacklewell Arms<\/li>\n\n\n\n<li class=\"has-geist-font-family has-small-font-size\">04.09 &#8211; TBA<\/li>\n\n\n\n<li class=\"has-geist-font-family has-small-font-size\">05.09 &#8211; Manchester, Sour Grapes<\/li>\n\n\n\n<li class=\"has-geist-font-family has-small-font-size\">06.09 &#8211; Leicester, Firebug<\/li>\n\n\n\n<li class=\"has-geist-font-family has-small-font-size\">07.09 &#8211; Nottingham, JT Soar<\/li>\n\n\n\n<li class=\"has-geist-font-family has-small-font-size\">08.09 &#8211; Glasgow, TBA<\/li>\n\n\n\n<li class=\"has-geist-font-family has-small-font-size\">09.09 &#8211; Hull, The New Adelphi Club <\/li>\n\n\n\n<li class=\"has-geist-font-family has-small-font-size\">10.09 &#8211; Lille, High Voltage<\/li>\n\n\n\n<li class=\"has-geist-font-family has-small-font-size\">11.09 &#8211; TBA<\/li>\n\n\n\n<li class=\"has-geist-font-family has-small-font-size\">12.09 &#8211; Douarnenez, Le Pav\u00e9<\/li>\n<\/ul>\n\n\n\n<p><\/p>\n","protected":false},"excerpt":{"rendered":"<p>NAKED SOFT MEN \/ 17.04 &#8211; 30.04 \/ [FR] PARACHUTE \/ 07.05 &#8211; 23.05 \/ [UK\/FR] THE BAD PLUG \/ 02.06 &#8211; 07.06 \/ [FR] BUTTERFLY BULLDOZER \/ 29.05 &#8211; 22.06 \/ [FR\/EU] BEER \/ 12.08 &#8211; 13.09 \/ [UK\/EU]<\/p>\n","protected":false},"author":1,"featured_media":0,"parent":0,"menu_order":0,"comment_status":"closed","ping_status":"closed","template":"","meta":{"footnotes":""},"categories":[],"tags":[],"class_list":["post-4889","page","type-page","status-publish","hentry"],"_links":{"self":[{"href":"https:\/\/mostanantes.com\/index.php\/wp-json\/wp\/v2\/pages\/4889","targetHints":{"allow":["GET"]}}],"collection":[{"href":"https:\/\/mostanantes.com\/index.php\/wp-json\/wp\/v2\/pages"}],"about":[{"href":"https:\/\/mostanantes.com\/index.php\/wp-json\/wp\/v2\/types\/page"}],"author":[{"embeddable":true,"href":"https:\/\/mostanantes.com\/index.php\/wp-json\/wp\/v2\/users\/1"}],"replies":[{"embeddable":true,"href":"https:\/\/mostanantes.com\/index.php\/wp-json\/wp\/v2\/comments?post=4889"}],"version-history":[{"count":31,"href":"https:\/\/mostanantes.com\/index.php\/wp-json\/wp\/v2\/pages\/4889\/revisions"}],"predecessor-version":[{"id":5081,"href":"https:\/\/mostanantes.com\/index.php\/wp-json\/wp\/v2\/pages\/4889\/revisions\/5081"}],"wp:attachment":[{"href":"https:\/\/mostanantes.com\/index.php\/wp-json\/wp\/v2\/media?parent=4889"}],"wp:term":[{"taxonomy":"category","embeddable":true,"href":"https:\/\/mostanantes.com\/index.php\/wp-json\/wp\/v2\/categories?post=4889"},{"taxonomy":"post_tag","embeddable":true,"href":"https:\/\/mostanantes.com\/index.php\/wp-json\/wp\/v2\/tags?post=4889"}],"curies":[{"name":"wp","href":"https:\/\/api.w.org\/{rel}","templated":true}]}}